3. Give b(-12).
-141
Let p(d) = -d**3 + 13*d**2 - d + 11. Determine p(13).
-2
Let h(j) = 12*j - 53. What is h(4)?
-5
Let f(w) = 28*w**3 + w + 1. Give f(-1).
-28
Let r(g) = 58*g - 61. Calculate r(1).
-3
Let t(i) = -4*i - 21. Give t(-15).
39
Let s(p) = p**2 + 11*p - 22. Give s(-14).
20
Let s(c) = c - 4. Calculate s(13).
9
Let u(m) = -m**3 + 29*m**2 + 36*m - 196. What is u(30)?
-16
Let h(y) = -y + 4. Calculate h(2).
2
Let t(k) = -3*k + 19. Give t(9).
-8
Let v(t) = 10*t**2 - t + 1. Calculate v(2).
39
Let n(q) = 7*q + 54. Give n(6).
96
Let o(a) = a. Calculate o(-5).
-5
Let s(i) = i**3 + 7*i**2 + 8*i + 2. Determine s(-5).
12
Let h(x) = 2*x + 5. Give h(3).
11
Let k(r) = r + 7. Calculate k(-7).
0
Let u(d) = -3*d**2 + 3*d - 12. What is u(5)?
-72
Let m(s) = 53*s + 43. Determine m(-1).
-10
Let m(o) = -o + 10. Give m(7).
3
Let v(r) = 4*r**2 - 1. Calculate v(1).
3
Let k(h) = h**3 + 4*h**2 - 3*h. What is k(-5)?
-10
Let k(g) = -28*g - 849. Determine k(-30).
-9
Let k(w) = w**3 + 6*w**2 + 8. Calculate k(-6).
8
Let b(q) = q + 33. Calculate b(-11).
22
Let m(h) = h**3 + 2*h**2 - 3*h + 21. Calculate m(0).
21
Let q(w) = -w**3 - 3*w**2 - 15*w - 18. What is q(-5)?
107
Let h(z) = 2*z - 6. Calculate h(-5).
-16
Let s(v) = 8*v**3 + 5*v**2. Calculate s(-2).
-44
Let r(q) = q**3 + 33*q**2 + 31*q - 29. What is r(-32)?
3
Let k(d) = d**2 - 4*d - 86. What is k(-7)?
-9
Let u(t) = -t**2 + t - 4. What is u(-2)?
-10
Let v(z) = z**2 - 2*z - 11. Determine v(5).
4
Let d(r) = r**3 + 42*r**2 + 5*r + 195. Give d(-42).
-15
Let h(j) = j**3 - 7*j**2 + 10*j - 6. Give h(6).
18
Let z(u) = u**3 + 11*u**2 + 18*u + 24. What is z(-9)?
24
Let f(g) = -17*g + 1. Give f(4).
-67
Let p(v) = 4*v**2 - 58*v + 25. Give p(14).
-3
Let h(o) = -o**3 - 19*o**2 + 24*o + 63. What is h(-20)?
-17
Let y(b) = -44*b + 2. Give y(-1).
46
Let g(a) = -a**2 - 18*a + 29. What is g(-19)?
10
Let n(t) = t**2 + 24*t + 38. Give n(-23).
15
Let q(l) = l**3 + 8*l**2 + 9*l - 2. Determine q(-7).
-16
Let g(q) = -q**2 + 6*q - 12. Give g(10).
-52
Let w(k) = k**3 - 6*k**2 - 29*k + 31. What is w(9)?
13
Let j(l) = -4*l**2 - l - 1. Determine j(1).
-6
Let n(b) = 3*b**3 - b**2 + 4*b - 16. Calculate n(2).
12
Let b(w) = -w + 4. Give b(1).
3
Let r(k) = -29*k**3 + k**2 - 1. Determine r(1).
-29
Let k(v) = -4*v + 120. Determine k(28).
8
Let w(m) = -7*m**2 + 50*m - 3. Calculate w(7).
4
Let x(o) = -o**3 - 21*o**2 + 129*o - 10. Give x(-26).
16
Let p(k) = -k**3 - 7*k**2 - 11*k + 4. Determine p(-4).
0
Let l(m) = -m**3 + 2*m - 19. Calculate l(4).
-75
Let d(n) = -n**3 + 6*n**2 - 2*n + 24. Give d(5).
39
Let h(d) = -2*d - 12. Calculate h(-8).
4
Let i(x) = x**2 + 2*x - 2. What is i(-4)?
6
Let s(b) = -b**3 - 9*b**2 - 17*b - 3. Calculate s(-7).
18
Let b(h) = -h**2 - 6*h - 3. Calculate b(-5).
2
Let h(s) = s + 10. Calculate h(-16).
-6
Let m(c) = c**2 + 9*c + 7. Calculate m(-8).
-1
Let i(q) = -q**3 - 11*q**2 + 12*q + 3. Give i(-12).
3
Let y(o) = o**2 + 14*o + 3. Determine y(-11).
-30
Let b(m) = m**2 + 11*m - 2. Determine b(-8).
-26
Let w(r) = -3*r - 4. What is w(-2)?
2
Let k(x) = 100*x**3 + x**2 - 3*x + 1. Give k(1).
99
Let y(q) = -q + 14. What is y(18)?
-4
Let h(q) = q - 12. What is h(14)?
2
Let y(o) = 2*o**2 - 7*o - 1. Determine y(8).
71
Let i(x) = -16*x - 252. Calculate i(-15).
-12
Let t(h) = -2*h**2 - 89*h - 203. What is t(-42)?
7
Let c(p) = -p**3 - 12*p**2 - 2*p - 45. Calculate c(-12).
-21
Let l(v) = -30*v**3 + 2*v**2 + v - 1. Calculate l(1).
-28
Let c(z) = 2*z + 3. Determine c(3).
9
Let h(k) = -k**3 + 8*k**2 - 11*k - 18. What is h(6)?
-12
Let f(i) = -11*i - 61. Give f(-4).
-17
Let l(a) = a**3 - 9*a**2 + 2*a + 35. Give l(7).
-49
Let a(q) = -12*q - 11. Calculate a(4).
-59
Let u(i) = -2*i**2 - 103*i - 161. Calculate u(-50).
-11
Let t(q) = q**2 - 9*q + 8. What is t(4)?
-12
Let r(h) = 4*h**3 + 3*h**2 - 4. Give r(2).
40
Let f(m) = 31*m**2 + 19*m - 19. Determine f(1).
31
Let a(q) = 3*q**2 + 87*q + 3. Calculate a(-29).
3
Let m(y) = -2*y**2 + 14*y + 16. Determine m(8).
0
Let w(s) = -8*s - 1. What is w(-1)?
7
Let f(g) = -g**3 - 30*g**2 - 27*g + 44. What is f(-29)?
-14
Let x(p) = -21*p**2 + 5*p - 3. What is x(1)?
-19
Let s(a) = 5*a**2 + 10*a - 17. Give s(-4).
23
Let q(s) = s**3 - 8*s**2 + 10*s - 23. What is q(7)?
-2
Let u(z) = z**3 + 4*z**2 + 5*z + 5. Calculate u(-2).
3
Let c(k) = -25*k - 1. What is c(1)?
-26
Let h(g) = -2*g + 31. Calculate h(23).
-15
Let t(k) = 3*k**3 + 23*k**2 + 13*k + 9. Calculate t(-7).
16
Let p(f) = -4*f + 29. Determine p(9).
-7
Let g(f) = -f**2 + 20*f - 46. Calculate g(18).
-10
Let u(k) = -3*k - 63. Give u(-19).
-6
Let p(n) = -4*n + 7. Calculate p(5).
-13
Let j(s) = -s**3 - 4*s**2 + 6*s - 3. Calculate j(-5).
-8
Let j(r) = -r**2 + 14*r + 10. What is j(15)?
-5
Let y(i) = -5*i**2 - 4*i - 2. Give y(-2).
-14
Let r(a) = -a**2 + 16*a + 1. What is r(18)?
-35
Let i(z) = z + 35. What is i(-7)?
28
Let f(t) = 19*t**3 - 4*t**2 + 2*t + 1. Calculate f(1).
18
Let w(a) = a**2 - 8*a - 1. Give w(6).
-13
Let i(d) = 15*d + 88. Calculate i(-6).
-2
Let q(j) = j + 12. Calculate q(1).
13
Let y(z) = z**2 - 2*z + 3. Determine y(-4).
27
Let f(v) = -2*v**2 - 3*v - 5. Calculate f(-6).
-59
Let f(p) = -p**3 - 8*p**2 + 10*p + 5. Calculate f(-9).
-4
Let n(v) = 2*v**2 + 29*v + 14. Give n(-14).
0
Let r(w) = -w**3 + 3*w**2 - 3*w - 2. Calculate r(2).
-4
Let b(n) = 3*n**3 + 2*n**2 + 4. What is b(-3)?
-59
Let f(t) = t**2 - 5*t - 6. Calculate f(5).
-6
Let b(g) = -g**3 + 10*g**2 + 13*g + 16. Calculate b(11).
38
Let t(f) = -f**2 - 12*f - 1. Determine t(-12).
-1
Let h(f) = -2*f**2 - 19*f - 12. Determine h(-9).
-3
Let j(r) = r**3 - 5*r. Calculate j(-4).
-44
Let s(x) = -2*x**3 + x. Determine s(2).
-14
Let d(h) = h + 27. What is d(-6)?
21
Let p(m) = m + 5. Determine p(-8).
-3
Let b(y) = y**3 - 5*y**2 - 4*y - 14. Give b(6).
-2
Let y(o) = 2*o**3 + 3*o**2 + 3*o - 9. Determine y(2).
25
Let m(j) = -2*j**3 - j**2 + j - 1. Calculate m(2).
-19
Let g(c) = -12*c - 13. What is g(0)?
-13
Let d(w) = -w + 31. Calculate d(26).
5
Let h(v) = -5*v - 33. Determine h(-18).
57
Let s(d) = d**2 + 19*d + 40. What is s(-2)?
6
Let b(o) = 2*o**3 - 2*o**2 - 3*o + 3. Calculate b(2).
5
Let n(q) = 27*q + 3. Give n(-1).
-24
Let t(x) = -41*x**2 - 4*x - 5. What is t(-2)?
-161
Let z(t) = 2*t**2 + 24*t + 28. What is z(-12)?
28
Let t(m) = -m**2 - 2*m - 5. What is t(4)?
-29
Let b(c) = -c**3 + 14*c**2 + 71*c + 21. Give b(18).
3
Let y(u) = -u**3 - 7*u**2 - 12. Determine y(-8).
52
Let y(v) = 3*v + 13. Calculate y(22).
79
Let y(l) = -5*l + 51. Calculate y(12).
-9
Let h(r) = -2*r**3 - 10*r**2 - 4*r - 2. Calculate h(-4).
-18
Let i(r) = r**3 - 27*r**2 + 25*r + 24. Determine i(26).
-2
Let t(o) = o**2 + 9*o + 2. Give t(-11).
24
Let p(k) = k**3 - 11*k**2 - 2*k + 15. Calculate p(11).
-7
Let y(u) = -u**3 - 10*u**2 + 2. Determine y(-10).
2
Let p(t) = 3*t**2 + 24*t. Give p(-9).
27
Let v(k) = 7*k + 18. Determine v(-3).
-3
Let u(f) = -f**2 + 10*f + 48. What is u(10)?
48
Let c(r) = -2*r + 28. Determine c(-15).
58
Let d(j) = -32*j - 231. Determine d(-7).
-7
Let v(b) = b**3 - 4*b**2 + 2*b + 6. Calculate v(4).
14
Let a(y) = 5*y - 9. Calculate a(-3).
-24
Let o(u) = -14*u + 217. What is o(16)?
-7
Let d(n) = n**3 + 8*n**2 + 12*n - 7. Give d(-8).
-103
Let o(a) = 16*a + 3. What is o(1)?
19
Let w(i) = -4*i**2 + 3*i - 4. What is w(4)?
-56
Let f(l) = -2*l - 17. Calculate f(-4).
-9
Let h(o) = o**2 + 54*o + 511. Determine h(-42).
7
Let h(s) = s + 9. Calculate h(-3).
6
Let u(b) = -20*b + 6. Determine u(-3).
66
Let k(z) = -z**2 + 11*z + 9. What is k(8)?
33
Let f(h) = 9*h + 104. Give f(-12).
-4
Let q(n) = -n**3 + 16*n**2 - 16*n - 15. Calculate q(15).
-30
Let q(u) = -3*u - 85. Calculate q(-22).
-19
Let u(n) = 5*n**3 - 3*n - 1. Determine u(-2).
-35
Let i(l) = -l**3 - 9*l**2 + 34*l + 2. Determine i(-12).
26
Let j(l) = l. Determine j(-12).
-12
Let k(s) = 8*s**3 - 2*s**2 + 5*s - 5. Calculate k(2).
61
Let p(m) = 5*m + 30. Give p(-9).
-15
Let w(p) = -p**3 + 3*p**2 + 3*p + 1. What is w(4)?
-3
Let p(k) = -k**2 - 15*k - 51. Give p(-17).
-85
Let p(m) = 9*m**2 + 4*m + 4. What is p(-2)?
32
Let t(y) = -2*y**3 + y**2 + 3*y - 2. Calculate t(2).
-8
Let f(k) = -3*k**2 + 55*k + 24. Calculate f(19).
-14
Let w(q) = -3*q**2 + 33*q - 2. Give w(11).
-2
Let a(o) = -o**2 + 13*o - 21. Calculate a(8).
19
Let l(p) = p**3 - 18*p**2 + 13. Give l(18).
13
Let l(v) = -v**3 - 5*v**2 + 7*v + 